5*k - 313 = a + 142. Let o be 0 + 564/(-14) - (-50)/175. Let r = o + 50. What is the highest common factor of r and k?
10
Suppose -p + 5*v = 644, -2*v - 1288 = 2*p - v. Let h = -1196 + p. Let f be 2/7 - h/28. Calculate the greatest common factor of 22 and f.
22
Let c = 133 - -87. Suppose -94*t = -95*t + 20. What is the greatest common factor of t and c?
20
Let s = -997 + 1026. Calculate the greatest common divisor of 2465 and s.
29
Suppose 0 = -2*q + 5*q - 3. Let h = -717 - -718. What is the greatest common divisor of h and q?
1
Let n(g) = 5*g**2 - 4*g. Let w be n(4). Suppose -6*m + 56 + w = 0. What is the highest common divisor of 60 and m?
20
Let a(i) = -i**3 - 4*i**2 - 4*i - 6. Let h be a(-5). What is the highest common factor of 51 and h?
3
Suppose 3*o + 174 = -2*c + 764, -4*o + 780 = 4*c. Calculate the greatest common divisor of 25 and o.
25
Let l be (-798)/(-105) + (-4)/(-10). Suppose -10*f + 78 = -2. Calculate the highest common factor of l and f.
8
Let r(w) = -18*w - 862. Let q be r(-51). Calculate the highest common factor of q and 518.
14
Let j = 165 + -125. What is the highest common factor of j and 140?
20
Suppose -10*a - 3*t + 21 = -7*a, 2*t = -4. Calculate the highest common factor of 2952 and a.
9
Let y = 39 + -44. Let t(m) = -2*m**2 - 13*m - 13. Let h be t(y). What is the highest common divisor of h and 18?
2
Suppose -3*u + 280 = 2*s, -3*s = u - 12 - 93. What is the greatest common divisor of u and 630?
90
Let v be ((-234)/5)/(22/(-165)). Calculate the greatest common factor of v and 27.
27
Let q be (-3)/9 + (-875)/(-15). Let i = q - 30. Let p = 985 - 677. What is the highest common factor of i and p?
28
Suppose 3*g = 5*r + 302, 15*r = 17*r - 4. What is the highest common divisor of 91 and g?
13
Let i be (-4)/7*21*20/(-15). What is the greatest common divisor of i and 752?
16
Suppose 3*i - 78 = 3. Suppose -h + 6 = -3*h, 99 = 3*r + 4*h. Let q = 44 + r. What is the highest common factor of q and i?
27
Let b = -355 - -389. Calculate the greatest common divisor of b and 272.
34
Let n be (-12)/((-8)/(-10) + -1). What is the highest common factor of 70 and n?
10
Let f(p) = 2*p**2 - 32*p + 48. Let d be f(15). Calculate the highest common divisor of 57 and d.
3
Let b(s) = s - 7. Let a be b(6). Let v be (-1 - (a - 13))*1. Suppose -7*l + 3*l + 136 = -5*d, 2*d + 70 = 2*l. What is the greatest common factor of v and l?
13
Let j = -25 - -27. Suppose 3*f - p = 3*p + 8, 2*p = -j*f + 10. Suppose 0 = 2*c - f*c + 34. Calculate the highest common factor of 68 and c.
17
Suppose -3*t = -g - 5704, -9508 = -5*t + 10*g - 8*g. What is the highest common divisor of 95 and t?
95
Let a = 914 + -807. Calculate the greatest common divisor of a and 214.
107
Suppose -4*h + 1032 = -4*l, -h + 2*l + 123 + 140 = 0. Let j(c) = 2*c**3 + 10*c**2 - 7*c - 12. Let n be j(-5). What is the highest common divisor of h and n?
23
Let g be ((-330)/(-24))/(0 - (-6)/24). What is the greatest common divisor of g and 105?
5
Let u(c) = -c**2 - 13*c + 11. Let a be u(-6). Suppose 21 = -t + a. Suppose t = 14*s - 12*s. What is the highest common divisor of s and 176?
16
Let s(l) be the third derivative of l**6/120 - l**5/6 + 7*l**4/8 - l**3/2 - 6*l**2 + 3*l. Let p be s(8). What is the highest common divisor of 111 and p?
37
Let y = -5 - 15. Let v = -18 - y. Suppose 0 = v*r - 28 - 0. Calculate the greatest common divisor of 42 and r.
14
Let m be 4/(-18) - (-585)/81. Let p be (m + (-10 - -7))/(2/8). Let y = -34 + 74. What is the highest common divisor of y and p?
8
Let a = -54 - -114. Let v be (1 - -27)*-15*(-5)/a. What is the highest common divisor of v and 10?
5
Suppose 39 = 2*m + 5. Suppose 4*d + 20 = 0, 4*r + 4*d + m = -d. Calculate the greatest common divisor of 22 and r.
2
Let v be ((-4)/(-12) + 0)*162. Calculate the greatest common divisor of 126 and v.
18
Suppose 8*a - 623 = 1769. Calculate the greatest common divisor of a and 23.
23
Suppose 4*o - 4 + 24 = 4*a, -a + 6 = -2*o. Let q be o - ((-3)/(-3) - 14). Let k be (q/7)/(8/308). Calculate the greatest common divisor of 6 and k.
6
Let m be 6*(2 - 80/(-6)). Suppose 44*g + 287 - 1299 = 0. What is the highest common factor of m and g?
23
Let s = -6 + -13. Let r = s + 27. What is the greatest common divisor of 40 and r?
8
Let t(k) = 4*k**2 - 49*k + 147. Let m be t(5). Suppose 4*j + 27 = 3*y - 9, 2*y + 5*j - 1 = 0. Calculate the greatest common factor of y and m.
2
Let n(a) = -13*a - 15. Let v be n(-2). Suppose 8*o - v = 21. Calculate the greatest common divisor of o and 8.
4
Suppose -n + 30 = -22. Let o = -13 - -26. What is the highest common factor of n and o?
13
Let k = 1795 - 1282. What is the highest common factor of k and 27?
27
Suppose -60 = -3*q + 3*m, -3*q - 26 + 96 = -m. What is the greatest common divisor of q and 25?
25
Suppose 0 = -b + 2*b - 6. Suppose -5*s + b = -54. Suppose 171*y = 172*y - 12. What is the highest common divisor of y and s?
12
Let v(w) = 6*w - 48. Let l be v(7). Let d be (l - (-186)/10)/((-2)/(-10)). Calculate the greatest common factor of 7 and d.
7
Suppose -3*t + 263 + 97 = -2*f, 0 = -3*t - 2*f + 348. Suppose -t = -4*z - 26. What is the highest common factor of 184 and z?
23
Suppose 100 + 25 = 5*z. Suppose -2*l - 3 - z = 0. Let o = -2 - l. Calculate the greatest common divisor of o and 132.
12
Let h be (-1 - 1)/1 + 44 + -35. Let i be (-12)/42 + 506/h. Suppose 2*l + 95 + 83 = 5*j, -2*j + 74 = 2*l. Calculate the highest common factor of j and i.
36
Suppose -616 = 20*v - 64*v. Let l(q) = 3*q**2 + q - 3. Let u be l(-3). What is the greatest common divisor of v and u?
7
Let l be (21/9)/((-2)/(-96)). Let w(d) = -d**2 - 4*d + 76. Let q be w(-10). What is the highest common divisor of q and l?
16
Let c(i) = 2*i**2 + 2*i - 6. Let p be c(-3). Let j be 5/p - 11/(-66). Calculate the highest common factor of j and 1.
1
Let h(q) = 5*q**2 - 3*q + 1. Let a be h(2). Let t(s) = 5*s**3 - 3*s**2 + 7*s - 9. Let m be t(3). Calculate the greatest common factor of a and m.
15
Let n(t) = -t + 16. Let f be n(10). Suppose 5*p = -4*j + f - 20, -4*j - 6 = p. Let g be 201 - (-12)/(-3) - j. Calculate the greatest common divisor of g and 18.
18
Suppose 36*p = 40*p - 96. Calculate the highest common divisor of 21 and p.
3
Let x = 208 - 104. Let z = 22680 + -22654. Calculate the greatest common factor of x and z.
26
Suppose -23 = -4*l + 5*r, -l - 32 = -5*l - 4*r. Let s be 4/14 - (-141)/21. Calculate the greatest common divisor of s and l.
7
Suppose 5*y - 84 = 16. Let i be 2/10 + (-584)/y. Let c = 30 + i. Calculate the greatest common divisor of 1 and c.
1
Suppose -3*f + 1 = -8. Let l be 8 + -3 + 0 + f. Let g(r) = 18*r + 2. Let t be g(3). Calculate the greatest common divisor of l and t.
8
Let t(n) = -15*n**3 - 20*n - 34. Let x be t(-2). Calculate the greatest common factor of 14 and x.
14
Suppose -69 = 4*q + 71. Let r = -21 - q. Let u = r + -9. What is the greatest common factor of 25 and u?
5
Suppose 5*n - 16 + 71 = 4*k, -5*k - 2*n + 44 = 0. What is the greatest common divisor of 80 and k?
10
Let i(f) = 2*f - 9. Let l be i(6). Suppose -2*w - 50 = -4*r + 3*w, -51 = -3*r - 3*w. What is the highest common divisor of r and l?
3
Let f be (-91 + 93)/((-2)/(-3)). What is the greatest common factor of f and 71?
1
Suppose -3*l + i + 339 = -2, -4*i = -4*l + 444. What is the greatest common divisor of l and 69?
23
Let f = 11 + -7. Suppose 5 = -f*d - 7. Let s(y) = y**2 - 5*y - 4. Let h be s(d). What is the highest common divisor of h and 30?
10
Let c(k) = -12*k - 37. Let u be c(-5). Let x be u + -2 + 6 + -7. Calculate the greatest common divisor of x and 15.
5
Let d be (-2 - 63/(-35)) + (-181)/(-5). Suppose 5*m - p = d, 0*p + p - 44 = -5*m. Calculate the greatest common divisor of m and 8.
8
Let k = 651 - 634. What is the highest common factor of 323 and k?
17
Let b = -450 + 482. What is the greatest common factor of 8 and b?
8
Suppose 4*h + 54 = 118. Calculate the highest common divisor of 1360 and h.
16
Suppose 5*w = 21 + 9. Let p = w + -2. Suppose p*z = -0*m + 4*m + 72, -z + 21 = -2*m. What is the highest common divisor of 105 and z?
15
Let c = 33 - -1. Suppose 146*w - 255 = 141*w. Calculate the greatest common factor of c and w.
17
Let k(u) = -16*u + 1696. Let q be k(105). Suppose 4*m + 3 = 71. Suppose 3*i = 5 - m, 92 = t + 5*i. Calcul